{"id":364,"date":"2019-11-04T13:21:44","date_gmt":"2019-11-04T12:21:44","guid":{"rendered":"https:\/\/gourmetsenap.se\/shop\/?post_type=product&#038;p=364"},"modified":"2024-10-27T20:11:47","modified_gmt":"2024-10-27T19:11:47","slug":"farfars-helkornssenap","status":"publish","type":"product","link":"https:\/\/gourmetsenap.se\/shop\/product\/farfars-helkornssenap\/","title":{"rendered":"Farfars helkornssenap"},"content":{"rendered":"<p><em>Glutenfri! Laktosfri!\u00a0 \u00a0 \u00a0 \u00a0<\/em><strong> \u00a0 \u00a0 \u00a0 \u00a0 \u00a0 \u00a0 \u00a0 \u00a0 \u00a0 \u00a0 \u00a0 \u00a0 \u00a0 \u00a0 \u00a0 \u00a0 \u00a0 \u00a0 \u00a0 \u00a0 \u00a0 \u00a0 \u00a0 \u00a0 \u00a0 \u00a0 \u00a0 \u00a0 \u00a0 \u00a0 \u00a0 \u00a0 \u00a0 \u00a0 \u00a0 \u00a0 \u00a0 \u00a0 \u00a0 \u00a0 \u00a0 \u00a0 \u00a0 \u00a0 \u00a0 \u00a0 \u00a0 \u00a0 \u00a0 \u00a0 \u00a0 \u00a0 \u00a0 \u00a0 \u00a0 \u00a0 \u00a0 \u00a0 \u00a0 \u00a0 \u00a0 \u00a0 \u00a0 \u00a0 \u00a0 \u00a0 \u00a0 \u00a0 \u00a0 \u00a0 \u00a0 \u00a0 \u00a0 \u00a0 \u00a0 \u00a0 \u00a0 \u00a0 \u00a0 \u00a0 \u00a0 \u00a0 H\u00e5llbarhet:<br \/>\n<\/strong><em>Minst 18 m\u00e5nader i o\u00f6ppnad f\u00f6rpackning<br \/>\n\u00d6ppnad burk hanteras som kylvara!<br \/>\n<\/em><strong>Ingredienser<\/strong><strong>:<br \/>\n<\/strong><em>Vatten<\/em><strong><em>,SENAPSFR\u00d6N<\/em><\/strong><em>(gula och bruna) \u00e4ttika, socker, salt, kryddor<br \/>\n<\/em><strong>N\u00e4ringsv\u00e4rde per 100g:<br \/>\n<\/strong><em>Energi KJ\u00a0\u00a0\u00a0\u00a0 730 \/ Kcal\u00a0 179,7<br \/>\nFett\u00a0 \u00a0 \u00a0 \u00a05,2 g\u00a0 Varav m\u00e4ttat\u00a0\u00a0 0,2 g \u00a0 \u00a0 \u00a0 \u00a0 \u00a0 \u00a0 \u00a0 \u00a0 \u00a0 \u00a0 \u00a0 \u00a0 \u00a0 \u00a0 \u00a0 \u00a0 \u00a0 \u00a0 \u00a0 \u00a0 \u00a0 \u00a0 \u00a0 \u00a0 \u00a0 \u00a0 \u00a0 \u00a0 \u00a0 \u00a0 \u00a0 \u00a0 \u00a0 \u00a0 \u00a0 \u00a0 \u00a0 \u00a0 \u00a0 \u00a0 \u00a0 \u00a0 \u00a0 \u00a0 \u00a0 \u00a0 \u00a0 \u00a0 \u00a0 \u00a0 \u00a0 \u00a0 \u00a0 \u00a0 \u00a0 \u00a0 \u00a0 \u00a0 \u00a0 \u00a0 \u00a0 \u00a0 \u00a0 \u00a0 \u00a0 \u00a0 \u00a0 \u00a0 \u00a0 \u00a0 \u00a0 \u00a0 \u00a0 Kolhydrater\u00a0\u00a0 25,4 g\u00a0 varav sockerarter\u00a0 5,5 g \u00a0 \u00a0 \u00a0 \u00a0 \u00a0 \u00a0 \u00a0 \u00a0 \u00a0 \u00a0 \u00a0 \u00a0 \u00a0 \u00a0 \u00a0 \u00a0 \u00a0 \u00a0 \u00a0 \u00a0 \u00a0 \u00a0 \u00a0 \u00a0 \u00a0 \u00a0 \u00a0 \u00a0 \u00a0 \u00a0 \u00a0 \u00a0 \u00a0 \u00a0 \u00a0 \u00a0 \u00a0 \u00a0 \u00a0 \u00a0 \u00a0 \u00a0 \u00a0 \u00a0 \u00a0 \u00a0 \u00a0 \u00a0 \u00a0 \u00a0 \u00a0 \u00a0 \u00a0 \u00a0 \u00a0 \u00a0 \u00a0 \u00a0 \u00a0 \u00a0 \u00a0 \u00a0 \u00a0 \u00a0 \u00a0 \u00a0 Proteiner\u00a0 \u00a06,6 g<br \/>\nSalt\u00a0 \u00a0 \u00a0 \u00a0 \u00a0 \u00a0 \u00a03,1 g<\/em><\/p>\n<table border=\"0\" width=\"209\" cellspacing=\"0\" cellpadding=\"0\">\n<colgroup>\n<col width=\"209\" \/><\/colgroup>\n<tbody>\n<tr>\n<td class=\"xl66\" width=\"209\" height=\"27\"><\/td>\n<\/tr>\n<tr>\n<td class=\"xl67\" height=\"27\"><\/td>\n<\/tr>\n<tr>\n<td class=\"xl68\" height=\"27\"><\/td>\n<\/tr>\n<tr>\n<td class=\"xl68\" height=\"27\"><\/td>\n<\/tr>\n<tr>\n<td class=\"xl65\" height=\"27\"><\/td>\n<\/tr>\n<tr>\n<td class=\"xl68\" height=\"27\"><\/td>\n<\/tr>\n<tr>\n<td class=\"xl65\" height=\"27\"><\/td>\n<\/tr>\n<tr>\n<td class=\"xl68\" height=\"27\"><\/td>\n<\/tr>\n<tr>\n<td class=\"xl68\" height=\"27\"><\/td>\n<\/tr>\n<\/tbody>\n<\/table>\n<table border=\"0\" width=\"241\" cellspacing=\"0\" cellpadding=\"0\">\n<colgroup>\n<col width=\"241\" \/><\/colgroup>\n<tbody>\n<tr>\n<td class=\"xl66\" width=\"241\" height=\"27\"><\/td>\n<\/tr>\n<tr>\n<td class=\"xl65\" height=\"27\"><\/td>\n<\/tr>\n<tr>\n<td class=\"xl66\" height=\"27\"><\/td>\n<\/tr>\n<tr>\n<td class=\"xl67\" height=\"27\"><\/td>\n<\/tr>\n<\/tbody>\n<\/table>\n<p><strong>\u00a0 \u00a0 <\/strong><\/p>\n","protected":false},"excerpt":{"rendered":"<p><strong>Farfars helkornssenap<br \/>\n<\/strong>\u00a0en maskulin senap &#8211;<br \/>\nkraftfull och dekorativ!Gifter sig perfekt med svensk husmanskost!<\/p>\n","protected":false},"featured_media":1982,"comment_status":"open","ping_status":"closed","template":"","meta":[],"product_brand":[],"product_cat":[19,20,31,22],"product_tag":[],"class_list":{"0":"post-364","1":"product","2":"type-product","3":"status-publish","4":"has-post-thumbnail","6":"product_cat-egna-produkter","7":"product_cat-gourmetsenap","8":"product_cat-narodlat","9":"product_cat-narproducerat","11":"first","12":"instock","13":"taxable","14":"shipping-taxable","15":"purchasable","16":"product-type-simple"},"jetpack_sharing_enabled":true,"_links":{"self":[{"href":"https:\/\/gourmetsenap.se\/shop\/wp-json\/wp\/v2\/product\/364","targetHints":{"allow":["GET"]}}],"collection":[{"href":"https:\/\/gourmetsenap.se\/shop\/wp-json\/wp\/v2\/product"}],"about":[{"href":"https:\/\/gourmetsenap.se\/shop\/wp-json\/wp\/v2\/types\/product"}],"replies":[{"embeddable":true,"href":"https:\/\/gourmetsenap.se\/shop\/wp-json\/wp\/v2\/comments?post=364"}],"wp:featuredmedia":[{"embeddable":true,"href":"https:\/\/gourmetsenap.se\/shop\/wp-json\/wp\/v2\/media\/1982"}],"wp:attachment":[{"href":"https:\/\/gourmetsenap.se\/shop\/wp-json\/wp\/v2\/media?parent=364"}],"wp:term":[{"taxonomy":"product_brand","embeddable":true,"href":"https:\/\/gourmetsenap.se\/shop\/wp-json\/wp\/v2\/product_brand?post=364"},{"taxonomy":"product_cat","embeddable":true,"href":"https:\/\/gourmetsenap.se\/shop\/wp-json\/wp\/v2\/product_cat?post=364"},{"taxonomy":"product_tag","embeddable":true,"href":"https:\/\/gourmetsenap.se\/shop\/wp-json\/wp\/v2\/product_tag?post=364"}],"curies":[{"name":"wp","href":"https:\/\/api.w.org\/{rel}","templated":true}]}}