{"id":2589,"date":"2025-10-19T13:46:47","date_gmt":"2025-10-19T12:46:47","guid":{"rendered":"https:\/\/gourmetsenap.se\/shop\/?post_type=product&#038;p=2589"},"modified":"2026-02-18T19:46:17","modified_gmt":"2026-02-18T18:46:17","slug":"arets-gourmet-julsenap-i-originellt-saltglaserat-stenkrus","status":"publish","type":"product","link":"https:\/\/gourmetsenap.se\/shop\/product\/arets-gourmet-julsenap-i-originellt-saltglaserat-stenkrus\/","title":{"rendered":"\u00c5rets Gourmet-julsenap i originellt saltglaserat stenkrus"},"content":{"rendered":"<p><strong>\u00c5rets Senaps-Julklapp!<br \/>\n<\/strong>2025 \u00c5rg\u00e5ngsjulsenap \u00a0i unikt saltglacerat stengodskrus<br \/>\nUnik presentid\u00e9 som \u00f6verraskar!<br \/>\n<strong>Guldmedalj\u00f6ren i\u00a0 SM i mathantverk 2020 .&#8221;Jul p\u00e5 Burk<\/strong>&#8221;<br \/>\nV\u00e5r Julsenap \u00e4r en unik hantverksprodukt och blir d\u00e4rf\u00f6r lite olika \u00e5r fr\u00e5n \u00e5r trots att vi anv\u00e4nder samma recept vi vann guldmedalj med.Detta beror p\u00e5 en olika faktorer som olika sk\u00f6rd, temperatur vid tillagning, lagringstid, kryddornas styrka,Smakpanelens smakreferens m.m.D\u00e4rf\u00f6r erbjuder vi fr\u00e5n och med i \u00e5r en<strong> \u00e5rg\u00e5ngssenap<\/strong> som kan j\u00e4mf\u00f6ras med varandra som ett \u00e5rg\u00e5ngsvin -\u00f6l.Styrkan avtar visserligen \u00f6ver tid men andra smakkomponenter utvecklas och kan f\u00f6rh\u00f6ja senapens smak. Vi har lagt undan ett begr\u00e4nsad antal av 2023 \u00e5rs julsenap som kan best\u00e4llas genom en anteckning p\u00e5 webbordern!<br \/>\n\u00c5rets Julsenap \u00e4r starkare i sin grundkarakt\u00e4r \u00e4n sina f\u00f6reg\u00e5ngare men ger samma upplevelse av :<strong>Jul p\u00e5 burk!<\/strong><\/p>\n<p>Glutenfri! Laktosfri!<br \/>\n<strong>H\u00e5llbarhet:<\/strong> Minst 18 m\u00e5nader i o\u00f6ppnad f\u00f6rpackning. Vinner p\u00e5 Lagring.<br \/>\n\u00d6ppnad burk hanteras som kylvara!<br \/>\n<strong>Ingredienser:<\/strong><br \/>\nVatten, <b>SENAPSFR\u00d6N<\/b> gula och bruna, sirap, farin, \u00e4ttika, salt, kryddor<br \/>\n<strong>N\u00e4ringsv\u00e4rde per 100g:<\/strong><br \/>\nEnergi KJ\u00a0 962, Energi Kcal 234,6<br \/>\nFett\u00a0 \u00a0 \u00a0 \u00a0 4,24 g<br \/>\nVarav m\u00e4ttat\u00a0 0,2 g<br \/>\nKolhydrater\u00a0\u00a0 40,9 g<br \/>\nvarav sockerarter\u00a0 32,5 g<br \/>\nProteiner\u00a0\u00a0\u00a0\u00a0\u00a0\u00a0\u00a0\u00a0\u00a0 4,7\u00a0 g<br \/>\nSalt\u00a0\u00a0\u00a0\u00a0\u00a0\u00a0\u00a0\u00a0\u00a0\u00a0\u00a0\u00a0\u00a0\u00a0\u00a0\u00a0\u00a0\u00a0\u00a0 2,3\u00a0 g<\/p>\n","protected":false},"excerpt":{"rendered":"<p>Glutenfri! Laktosfri!<br data-reader-unique-id=\"13\" \/><strong data-reader-unique-id=\"14\">H\u00e5llbarhet:<\/strong> Minst 18 m\u00e5nader i o\u00f6ppnad f\u00f6rpackning. Vinner p\u00e5 Lagring.<br data-reader-unique-id=\"15\" \/>\u00d6ppnad burk hanteras som kylvara!<br data-reader-unique-id=\"16\" \/><strong data-reader-unique-id=\"17\">Ingredienser:<\/strong><br data-reader-unique-id=\"18\" \/>Vatten, <b data-reader-unique-id=\"19\">SENAPSFR\u00d6N<\/b> gula och bruna, sirap, farin, \u00e4ttika, salt, kryddor<br data-reader-unique-id=\"20\" \/><strong data-reader-unique-id=\"21\">N\u00e4ringsv\u00e4rde per 100g:<\/strong><br data-reader-unique-id=\"22\" \/>Energi KJ\u00a0 962, Energi Kcal 234,6<br data-reader-unique-id=\"23\" \/>Fett\u00a0 \u00a0 \u00a0 \u00a0 4,24 g<br data-reader-unique-id=\"24\" \/>Varav m\u00e4ttat\u00a0 0,2 g<br data-reader-unique-id=\"25\" \/>Kolhydrater\u00a0\u00a0 40,9 g<br data-reader-unique-id=\"26\" \/>varav sockerarter\u00a0 32,5 g<br data-reader-unique-id=\"27\" \/>Proteiner\u00a0\u00a0\u00a0\u00a0\u00a0\u00a0\u00a0\u00a0\u00a0 4,7\u00a0 g<br data-reader-unique-id=\"28\" \/>Salt\u00a0\u00a0\u00a0\u00a0\u00a0\u00a0\u00a0\u00a0\u00a0\u00a0\u00a0\u00a0\u00a0\u00a0\u00a0\u00a0\u00a0\u00a0\u00a0 2,3\u00a0 g<\/p>\n","protected":false},"featured_media":2588,"comment_status":"open","ping_status":"closed","template":"","meta":[],"product_brand":[],"product_cat":[19,20,31,22,35],"product_tag":[],"class_list":{"0":"post-2589","1":"product","2":"type-product","3":"status-publish","4":"has-post-thumbnail","6":"product_cat-egna-produkter","7":"product_cat-gourmetsenap","8":"product_cat-narodlat","9":"product_cat-narproducerat","10":"product_cat-osotat","12":"first","13":"outofstock","14":"sale","15":"taxable","16":"shipping-taxable","17":"purchasable","18":"product-type-simple"},"jetpack_sharing_enabled":true,"_links":{"self":[{"href":"https:\/\/gourmetsenap.se\/shop\/wp-json\/wp\/v2\/product\/2589","targetHints":{"allow":["GET"]}}],"collection":[{"href":"https:\/\/gourmetsenap.se\/shop\/wp-json\/wp\/v2\/product"}],"about":[{"href":"https:\/\/gourmetsenap.se\/shop\/wp-json\/wp\/v2\/types\/product"}],"replies":[{"embeddable":true,"href":"https:\/\/gourmetsenap.se\/shop\/wp-json\/wp\/v2\/comments?post=2589"}],"wp:featuredmedia":[{"embeddable":true,"href":"https:\/\/gourmetsenap.se\/shop\/wp-json\/wp\/v2\/media\/2588"}],"wp:attachment":[{"href":"https:\/\/gourmetsenap.se\/shop\/wp-json\/wp\/v2\/media?parent=2589"}],"wp:term":[{"taxonomy":"product_brand","embeddable":true,"href":"https:\/\/gourmetsenap.se\/shop\/wp-json\/wp\/v2\/product_brand?post=2589"},{"taxonomy":"product_cat","embeddable":true,"href":"https:\/\/gourmetsenap.se\/shop\/wp-json\/wp\/v2\/product_cat?post=2589"},{"taxonomy":"product_tag","embeddable":true,"href":"https:\/\/gourmetsenap.se\/shop\/wp-json\/wp\/v2\/product_tag?post=2589"}],"curies":[{"name":"wp","href":"https:\/\/api.w.org\/{rel}","templated":true}]}}