{"id":1843,"date":"2020-06-06T14:37:04","date_gmt":"2020-06-06T13:37:04","guid":{"rendered":"https:\/\/gourmetsenap.se\/shop\/?post_type=product&#038;p=1843"},"modified":"2022-05-14T13:28:49","modified_gmt":"2022-05-14T12:28:49","slug":"gourmet-fiskkrydda","status":"publish","type":"product","link":"https:\/\/gourmetsenap.se\/shop\/product\/gourmet-fiskkrydda\/","title":{"rendered":"Gourmet fiskkrydda"},"content":{"rendered":"<p>Fiskkrydda med flingsalt som passar till alla fiskr\u00e4tter oavsett om du ska pochera, steka, grilla eller grava fisken.Kan \u00e4ven anv\u00e4ndas som bordskrydda!<br \/>\n<strong>F\u00f6rpackning<\/strong>: <em>Cellofanp\u00e5se<\/em><br \/>\n<strong>H\u00e5llbarhet:<\/strong><br \/>\n<em>minst 2\u00e5r i o\u00f6ppnad p\u00e5se<\/em><br \/>\n<em>F\u00f6rvaras torrt och svalt<\/em><br \/>\n<strong>Ingredienser:<br \/>\n<\/strong><em>Flingsalt, <strong>SELLERI,SENAP<\/strong>, citronpeppar, koriander, dill<\/em><\/p>\n","protected":false},"excerpt":{"rendered":"<p>Fiskkrydda med flingsalt som passar till alla fiskr\u00e4tter oavsett om du ska pochera,steka,grilla eller grava fisken.Kan \u00e4ven anv\u00e4ndas som bordskrydda!<\/p>\n<p>&nbsp;<\/p>\n<p>&nbsp;<\/p>\n","protected":false},"featured_media":1830,"comment_status":"open","ping_status":"closed","template":"","meta":[],"product_brand":[],"product_cat":[19,36],"product_tag":[],"class_list":{"0":"post-1843","1":"product","2":"type-product","3":"status-publish","4":"has-post-thumbnail","6":"product_cat-egna-produkter","7":"product_cat-gourmetkryddor","9":"first","10":"instock","11":"taxable","12":"shipping-taxable","13":"purchasable","14":"product-type-simple"},"jetpack_sharing_enabled":true,"_links":{"self":[{"href":"https:\/\/gourmetsenap.se\/shop\/wp-json\/wp\/v2\/product\/1843","targetHints":{"allow":["GET"]}}],"collection":[{"href":"https:\/\/gourmetsenap.se\/shop\/wp-json\/wp\/v2\/product"}],"about":[{"href":"https:\/\/gourmetsenap.se\/shop\/wp-json\/wp\/v2\/types\/product"}],"replies":[{"embeddable":true,"href":"https:\/\/gourmetsenap.se\/shop\/wp-json\/wp\/v2\/comments?post=1843"}],"wp:featuredmedia":[{"embeddable":true,"href":"https:\/\/gourmetsenap.se\/shop\/wp-json\/wp\/v2\/media\/1830"}],"wp:attachment":[{"href":"https:\/\/gourmetsenap.se\/shop\/wp-json\/wp\/v2\/media?parent=1843"}],"wp:term":[{"taxonomy":"product_brand","embeddable":true,"href":"https:\/\/gourmetsenap.se\/shop\/wp-json\/wp\/v2\/product_brand?post=1843"},{"taxonomy":"product_cat","embeddable":true,"href":"https:\/\/gourmetsenap.se\/shop\/wp-json\/wp\/v2\/product_cat?post=1843"},{"taxonomy":"product_tag","embeddable":true,"href":"https:\/\/gourmetsenap.se\/shop\/wp-json\/wp\/v2\/product_tag?post=1843"}],"curies":[{"name":"wp","href":"https:\/\/api.w.org\/{rel}","templated":true}]}}