{"id":1767,"date":"2020-02-20T23:08:11","date_gmt":"2020-02-20T22:08:11","guid":{"rendered":"https:\/\/gourmetsenap.se\/shop\/?post_type=product&#038;p=1767"},"modified":"2025-06-13T16:31:17","modified_gmt":"2025-06-13T15:31:17","slug":"currypulver-rokt","status":"publish","type":"product","link":"https:\/\/gourmetsenap.se\/shop\/product\/currypulver-rokt\/","title":{"rendered":"Currypulver,r\u00f6kt  90 g"},"content":{"rendered":"<p><em>Glutenfri!Laktosfri!<\/em><br \/>\n<strong>H\u00e5llbarhet:<br \/>\n<\/strong><em>Minst 18 m\u00e5nader i o\u00f6ppnad f\u00f6rpackning!<br \/>\nF\u00f6rvaras torrt och svalt!<strong><br \/>\n<\/strong><\/em><strong>Ingredienser:<br \/>\n<em>Gurkmeja, paprika, peppar, bockhornskl\u00f6ver, r\u00f6karom\u00a0 \u00a0 \u00a0 \u00a0 \u00a0 \u00a0 \u00a0 \u00a0 \u00a0 \u00a0 \u00a0 \u00a0 \u00a0 \u00a0 \u00a0 \u00a0 \u00a0 \u00a0 \u00a0 \u00a0 \u00a0 \u00a0 \u00a0 \u00a0 \u00a0 \u00a0 \u00a0 \u00a0 \u00a0 \u00a0 \u00a0 \u00a0 \u00a0 \u00a0 \u00a0 \u00a0 \u00a0 \u00a0 \u00a0 \u00a0 \u00a0 \u00a0 \u00a0 <\/em><\/strong><strong>N\u00e4ringsinneh\u00e5ll:<br \/>\nEnergi <\/strong>Kcal 325 Kj1398<br \/>\nFett 14,0 varav m\u00e4ttad 2,2g,<br \/>\nKolhydrater58,0g varav sockerarter 2,0g,<br \/>\nProtein 13,0 g<\/p>\n<div class=\"mod NFQFxe\" lang=\"sv-SE\" data-attrid=\"kc:\/food\/food:energy\" data-md=\"37\" data-ved=\"2ahUKEwiB253BhrjuAhUmlIsKHWOZBI0QkCkwEnoECBYQAA\">\n<div id=\"kno-nf-nc\"><\/div>\n<\/div>\n","protected":false},"excerpt":{"rendered":"<p><strong>Smakrik curry av h\u00f6g kvalitet med r\u00f6kt touch ger en ny smakdimension till dina matr\u00e4tter<\/strong><\/p>\n","protected":false},"featured_media":1962,"comment_status":"open","ping_status":"closed","template":"","meta":[],"product_brand":[],"product_cat":[19,36,35],"product_tag":[],"class_list":{"0":"post-1767","1":"product","2":"type-product","3":"status-publish","4":"has-post-thumbnail","6":"product_cat-egna-produkter","7":"product_cat-gourmetkryddor","8":"product_cat-osotat","10":"first","11":"instock","12":"taxable","13":"shipping-taxable","14":"purchasable","15":"product-type-simple"},"jetpack_sharing_enabled":true,"_links":{"self":[{"href":"https:\/\/gourmetsenap.se\/shop\/wp-json\/wp\/v2\/product\/1767","targetHints":{"allow":["GET"]}}],"collection":[{"href":"https:\/\/gourmetsenap.se\/shop\/wp-json\/wp\/v2\/product"}],"about":[{"href":"https:\/\/gourmetsenap.se\/shop\/wp-json\/wp\/v2\/types\/product"}],"replies":[{"embeddable":true,"href":"https:\/\/gourmetsenap.se\/shop\/wp-json\/wp\/v2\/comments?post=1767"}],"wp:featuredmedia":[{"embeddable":true,"href":"https:\/\/gourmetsenap.se\/shop\/wp-json\/wp\/v2\/media\/1962"}],"wp:attachment":[{"href":"https:\/\/gourmetsenap.se\/shop\/wp-json\/wp\/v2\/media?parent=1767"}],"wp:term":[{"taxonomy":"product_brand","embeddable":true,"href":"https:\/\/gourmetsenap.se\/shop\/wp-json\/wp\/v2\/product_brand?post=1767"},{"taxonomy":"product_cat","embeddable":true,"href":"https:\/\/gourmetsenap.se\/shop\/wp-json\/wp\/v2\/product_cat?post=1767"},{"taxonomy":"product_tag","embeddable":true,"href":"https:\/\/gourmetsenap.se\/shop\/wp-json\/wp\/v2\/product_tag?post=1767"}],"curies":[{"name":"wp","href":"https:\/\/api.w.org\/{rel}","templated":true}]}}