{"id":1631,"date":"2020-02-06T21:14:56","date_gmt":"2020-02-06T20:14:56","guid":{"rendered":"https:\/\/gourmetsenap.se\/shop\/?post_type=product&#038;p=1631"},"modified":"2025-10-19T11:18:21","modified_gmt":"2025-10-19T10:18:21","slug":"kolmardssenap","status":"publish","type":"product","link":"https:\/\/gourmetsenap.se\/shop\/product\/kolmardssenap\/","title":{"rendered":"Kolm\u00e5rdssenap 320 g"},"content":{"rendered":"<p><em>Glutenfri! Laktosfri!\u00a0 \u00a0 \u00a0 \u00a0<\/em><br \/>\n<strong>H\u00e5llbarhet:<\/strong><br \/>\n<em>Minst 18 m\u00e5nader i o\u00f6ppnad f\u00f6rpackning.<br \/>\n<\/em><em>\u00d6ppnad burk hanteras som kylvara!\u00a0 \u00a0 \u00a0 \u00a0 \u00a0 \u00a0<\/em> \u00a0 \u00a0 \u00a0 \u00a0 \u00a0 \u00a0 \u00a0 \u00a0 \u00a0 \u00a0 \u00a0 \u00a0 \u00a0 \u00a0 \u00a0 \u00a0 \u00a0 \u00a0 <strong><br \/>\nIngredienser<\/strong>:<br \/>\n<em>Vatten,<strong>SENAPSFR\u00d6N(gula och bruna<\/strong>)\u00e4ttika, salt kryddor,<\/em><strong><em>\u00a0<\/em><br \/>\nN\u00e4ringsv\u00e4rde per 100g:<br \/>\n<\/strong><em>Energi KJ\u00a0 1052 Energi Kcal 263<\/em><br \/>\n<em>Fett 5,4g\u00a0 \u00a0varav m\u00e4ttat\u00a0 \u00a0 0,2 g\u00a0 \u00a0 \u00a0 \u00a0 \u00a0 \u00a0 \u00a0 \u00a0 \u00a0 \u00a0 \u00a0 \u00a0 \u00a0 \u00a0 \u00a0 \u00a0 \u00a0 \u00a0 \u00a0 \u00a0 \u00a0 \u00a0 \u00a0 \u00a0 \u00a0 \u00a0 \u00a0 \u00a0 \u00a0 \u00a0 \u00a0 \u00a0 \u00a0 \u00a0 \u00a0 \u00a0 \u00a0 \u00a0 \u00a0 \u00a0 \u00a0 \u00a0 \u00a0 \u00a0 \u00a0 \u00a0 \u00a0 \u00a0 \u00a0 \u00a0 \u00a0 \u00a0 \u00a0 \u00a0 \u00a0 \u00a0 \u00a0 \u00a0 \u00a0 \u00a0 \u00a0 \u00a0 \u00a0 \u00a0 \u00a0 \u00a0 \u00a0 \u00a0 \u00a0 \u00a0 \u00a0 \u00a0 \u00a0 \u00a0 \u00a0 \u00a0 \u00a0 \u00a0 \u00a0 Kolhydrater 39,5 g varav sockerarter\u00a0 35,5 g\u00a0 \u00a0 \u00a0 \u00a0 \u00a0 \u00a0 \u00a0 \u00a0 \u00a0 \u00a0 \u00a0 \u00a0 \u00a0 \u00a0 \u00a0 \u00a0 \u00a0 \u00a0 \u00a0 \u00a0 \u00a0 \u00a0 \u00a0 \u00a0 \u00a0 \u00a0 \u00a0 \u00a0 \u00a0 \u00a0 \u00a0 \u00a0 \u00a0 \u00a0 \u00a0 \u00a0 \u00a0 \u00a0 \u00a0 \u00a0 \u00a0 \u00a0 \u00a0 \u00a0 \u00a0 \u00a0 \u00a0 \u00a0 \u00a0 \u00a0 \u00a0 \u00a0 \u00a0 \u00a0 \u00a0 \u00a0 \u00a0 \u00a0 \u00a0 \u00a0 \u00a0 \u00a0 \u00a0 \u00a0 \u00a0 Proteiner\u00a0\u00a0\u00a05,75g<\/em><br \/>\n<em>Salt\u00a0 \u00a0 \u00a0 \u00a0 \u00a0 \u00a0 \u00a0 2,0g<\/em><\/p>\n","protected":false},"excerpt":{"rendered":"<p><strong>Grov, s\u00f6t, medelstark, smakfull,\u00a0 senap av \u00f6stg\u00f6tatyp, s\u00f6tat med sirap.<br \/>\nUtm\u00e4rkt till skinka, charkvaror, kalla s\u00e5ser !<\/strong><\/p>\n","protected":false},"featured_media":1725,"comment_status":"open","ping_status":"closed","template":"","meta":[],"product_brand":[],"product_cat":[19,20,31,22],"product_tag":[],"class_list":{"0":"post-1631","1":"product","2":"type-product","3":"status-publish","4":"has-post-thumbnail","6":"product_cat-egna-produkter","7":"product_cat-gourmetsenap","8":"product_cat-narodlat","9":"product_cat-narproducerat","11":"first","12":"instock","13":"taxable","14":"shipping-taxable","15":"purchasable","16":"product-type-simple"},"jetpack_sharing_enabled":true,"_links":{"self":[{"href":"https:\/\/gourmetsenap.se\/shop\/wp-json\/wp\/v2\/product\/1631","targetHints":{"allow":["GET"]}}],"collection":[{"href":"https:\/\/gourmetsenap.se\/shop\/wp-json\/wp\/v2\/product"}],"about":[{"href":"https:\/\/gourmetsenap.se\/shop\/wp-json\/wp\/v2\/types\/product"}],"replies":[{"embeddable":true,"href":"https:\/\/gourmetsenap.se\/shop\/wp-json\/wp\/v2\/comments?post=1631"}],"wp:featuredmedia":[{"embeddable":true,"href":"https:\/\/gourmetsenap.se\/shop\/wp-json\/wp\/v2\/media\/1725"}],"wp:attachment":[{"href":"https:\/\/gourmetsenap.se\/shop\/wp-json\/wp\/v2\/media?parent=1631"}],"wp:term":[{"taxonomy":"product_brand","embeddable":true,"href":"https:\/\/gourmetsenap.se\/shop\/wp-json\/wp\/v2\/product_brand?post=1631"},{"taxonomy":"product_cat","embeddable":true,"href":"https:\/\/gourmetsenap.se\/shop\/wp-json\/wp\/v2\/product_cat?post=1631"},{"taxonomy":"product_tag","embeddable":true,"href":"https:\/\/gourmetsenap.se\/shop\/wp-json\/wp\/v2\/product_tag?post=1631"}],"curies":[{"name":"wp","href":"https:\/\/api.w.org\/{rel}","templated":true}]}}